{"id":495,"date":"2015-02-27T16:00:58","date_gmt":"2015-02-27T21:00:58","guid":{"rendered":"http:\/\/localhost\/wordpress\/?page_id=495"},"modified":"2019-06-25T10:07:07","modified_gmt":"2019-06-25T14:07:07","slug":"support-logiciel","status":"publish","type":"page","link":"https:\/\/www.celibec.com\/?page_id=495","title":{"rendered":"Support"},"content":{"rendered":"<h4><em>\u00a0<span style=\"text-decoration: underline;\">(Derni\u00e8re mise \u00e0 jour le 3 avril 2019)<\/span><\/em><\/h4>\n<h4><a href=\"https:\/\/www.celibec.com\/Download\/CelibecsupportB.exe\">Support \u00e0 distance VNC CELIBEC<\/a> &#8212; Pour qu&rsquo;un employ\u00e9 de CELIBEC puisse se connecter \u00e0 votre PC sous tout Windows<\/h4>\n<h4><a href=\"https:\/\/www.celibec.com\/Download\/TeamViewerQS.exe\">Support TeamViewer Quick Support<\/a> &#8212; Pour qu&rsquo;un employ\u00e9 de CELIBEC puisse se connecter \u00e0 votre PC sans installer Teamviewer<\/h4>\n<h4><a href=\"https:\/\/www.celibec.com\/Download\/AnyDesk.exe\">Support AnyDesk<\/a> &#8212; Pour qu&rsquo;un employ\u00e9 de CELIBEC puisse se connecter \u00e0 votre PC Avec AnyDesk<\/h4>\n<h4><a href=\"https:\/\/www.celibec.com\/Download\/zt144n.exe\">ZTERM 2000 pour Windows (version anglaise).<\/a> \u00c9mulateur 32 bits de terminal pour PC<\/h4>\n<h4><a href=\"https:\/\/www.celibec.com\/Download\/GesmanViewer_up26.exe\">Mise \u00e0 jour du visualisateur de rapports pour GESMAN 4.1 + (2.0.6)<\/a><\/h4>\n<h4><a href=\"https:\/\/www.celibec.com\/Download\/gesmanviewer_up24.exe\">Mise \u00e0 jour du visualisateur de rapports pour GESMAN 4.1 + (2.0.4)<\/a><\/h4>\n<h4><a href=\"https:\/\/www.celibec.com\/Download\/gesmanviewer_up.exe\">Mise \u00e0 jour du visualisateur de rapports pour GESMAN 3.7 (1.0.44)<\/a><\/h4>\n<h4><a href=\"https:\/\/www.celibec.com\/Download\/GesmanFaxLibrary.exe\">Librairie pour la prise en charge des logiciels de t\u00e9l\u00e9copie. <\/a> <a href=\"https:\/\/www.celibec.com\/Download\/GesmanFaxLibrary.exe\">Gesman 5.2 + (2.0.0)<\/a><\/h4>\n<h4><a href=\"https:\/\/www.celibec.com\/Download\/GesmanSuiviLibrary.exe\">Librairie pour la prise en charge du suivi de client\u00e8le. <\/a> <a href=\"https:\/\/www.celibec.com\/Download\/GesmanSuiviLibrary.exe\">Gesman 5.5 + (1.0.0)<\/a><\/h4>\n<h4><a href=\"https:\/\/www.celibec.com\/Download\/WatchGuard_EntryCl_Win_1022_015.zip\">Setup MUVPN Version 11.2.3 avec IPSEC pour WinXP, Vista, Windows 7 (fichier winzip)<\/a><\/h4>\n<h4><a href=\"https:\/\/www.celibec.com\/Download\/vpn-client-2.2.0-release.zip\">S<\/a><a href=\"https:\/\/www.celibec.com\/Download\/vpn-client-2.2.2-release.exe\">etup MUVPN Shrew IPSEC 2.2.2 pour Windows 7 et Windows 8 (fichier winzip)<\/a><\/h4>\n","protected":false},"excerpt":{"rendered":"<p>\u00a0(Derni\u00e8re mise \u00e0 jour le 3 avril 2019) Support \u00e0 distance VNC CELIBEC &#8212; Pour qu&rsquo;un employ\u00e9 de CELIBEC puisse se connecter \u00e0 votre PC sous tout Windows Support TeamViewer Quick Support &#8212; Pour qu&rsquo;un employ\u00e9 de CELIBEC puisse se &hellip; <a class=\"kt-excerpt-readmore\" href=\"https:\/\/www.celibec.com\/?page_id=495\" aria-label=\"Support\">Lire la suite<\/a><\/p>\n","protected":false},"author":1,"featured_media":0,"parent":0,"menu_order":0,"comment_status":"closed","ping_status":"closed","template":"","meta":{"kt_blocks_editor_width":""},"_links":{"self":[{"href":"https:\/\/www.celibec.com\/index.php?rest_route=\/wp\/v2\/pages\/495"}],"collection":[{"href":"https:\/\/www.celibec.com\/index.php?rest_route=\/wp\/v2\/pages"}],"about":[{"href":"https:\/\/www.celibec.com\/index.php?rest_route=\/wp\/v2\/types\/page"}],"author":[{"embeddable":true,"href":"https:\/\/www.celibec.com\/index.php?rest_route=\/wp\/v2\/users\/1"}],"replies":[{"embeddable":true,"href":"https:\/\/www.celibec.com\/index.php?rest_route=%2Fwp%2Fv2%2Fcomments&post=495"}],"version-history":[{"count":10,"href":"https:\/\/www.celibec.com\/index.php?rest_route=\/wp\/v2\/pages\/495\/revisions"}],"predecessor-version":[{"id":1044,"href":"https:\/\/www.celibec.com\/index.php?rest_route=\/wp\/v2\/pages\/495\/revisions\/1044"}],"wp:attachment":[{"href":"https:\/\/www.celibec.com\/index.php?rest_route=%2Fwp%2Fv2%2Fmedia&parent=495"}],"curies":[{"name":"wp","href":"https:\/\/api.w.org\/{rel}","templated":true}]}}